{"id":9,"date":"2018-10-11T12:27:41","date_gmt":"2018-10-11T12:27:41","guid":{"rendered":"https:\/\/creafuse.com\/cagbch\/?page_id=9"},"modified":"2018-10-11T12:27:41","modified_gmt":"2018-10-11T12:27:41","slug":"agb","status":"publish","type":"page","link":"https:\/\/creafuse.com\/cagbch\/","title":{"rendered":"agb"},"content":{"rendered":"<p><b>Informationen zur Benutzung von Mehrwertdiensten<\/b><u><\/u><u><\/u><\/p>\n<p><b>Wollen Sie diese Information nicht mehr anzeigen?<\/b><br \/>\nBitte senden Sie den Text VERZICHT an die entsprechende Kuzwahlnummer.<u><\/u><u><\/u><\/p>\n<p><b>Wo finde ich die Kurzwahlnummer?<\/b><br \/>\nDie Kurzwahlnummer finden Sie im Absender Ihrer SMS oder auf der Internet-Seite des von Ihnen benutzten Dienstes unter AGBs.<u><\/u><u><\/u><\/p>\n<p><b>Wie melde ich mich ab?<\/b><br \/>\nWenn Sie sich von Ihren aktiven Diensten abmelden wollen, senden Sie den Text STOP an die entsprechende Kurzwahlnummer.<u><\/u><u><\/u><\/p>\n<p><b>Wie melde ich mich ab vom Werbeverteiler?<\/b><br \/>\nWenn Sie keine Werbung mehr erhalten m\u00f6chten, senden Sie den Text NOADS an die entsprechende Kurzwahlnummer.<u><\/u><u><\/u><\/p>\n<p>1.10.2018<\/p>\n<p><b>Kontakt und AGBs:<u><\/u><u><\/u><\/b><\/p>\n<p><a href=\"https:\/\/creafuse.com\/kontakt\/\" target=\"_blank\" rel=\"noopener\" data-saferedirecturl=\"https:\/\/www.google.com\/url?q=https:\/\/creafuse.com\/kontakt\/&amp;source=gmail&amp;ust=1539346453440000&amp;usg=AFQjCNHeor5Hp780Xdyfhqv6b5XRXBIXGg\">https:\/\/creafuse.com\/kontakt\/<\/a><u><\/u><u><\/u><\/p>\n<p><a href=\"https:\/\/creafuse.com\/agb\/\" target=\"_blank\" rel=\"noopener\" data-saferedirecturl=\"https:\/\/www.google.com\/url?q=https:\/\/creafuse.com\/agb\/&amp;source=gmail&amp;ust=1539346453441000&amp;usg=AFQjCNEJK8ks0_ldMVc_THytM5NvJcioPw\">https:\/\/creafuse.com\/agb\/<\/a><u><\/u><u><\/u><\/p>\n<p><u><\/u>\u00a0<u><\/u><\/p>\n<p><b><span lang=\"EN-US\">Information pour l\u2019utilisation de services mobiles PREMIUM<\/span><\/b><u><\/u><u><\/u><\/p>\n<p><b><span lang=\"EN-US\">Vous ne voulez plus afficher cette information?<\/span><\/b><span lang=\"EN-US\"><br \/>\nVeuillez envoyer uns SMS avec text VERZICHT au num\u00e9ro correspondant<u><\/u><u><\/u><\/span><\/p>\n<p><b><span lang=\"EN-US\">O\u00f9 est-ce que je peux trouver le num\u00e9ro correspondant?<\/span><\/b><span lang=\"EN-US\"><br \/>\nLe pr\u00e9fix de num\u00e9rotation abr\u00e9g\u00e9 se trouver \u00e0 l\u2019origine de votre SMS ou sur la site internet du service utilis\u00e9<u><\/u><u><\/u><\/span><\/p>\n<p><b><span lang=\"EN-US\">Comment est-ce que je peux arr\u00eater le service?<\/span><\/b><span lang=\"EN-US\"><br \/>\nPour arr\u00eater un servcie actif veuillez envoyer le texte STOP ou FIN au num\u00e9ro correspondant.<u><\/u><u><\/u><\/span><\/p>\n<p><b><span lang=\"EN-US\">Comment est-que je peux arr\u00eater la publicit\u00e9?<\/span><\/b><span lang=\"EN-US\"><br \/>\nSi vous ne voulez plus recevoir de publicit\u00e9 de notre part, veuillez envoyer le mot cl\u00e9 NOADS au num\u00e9ro correspondant.<u><\/u><u><\/u><\/span><\/p>\n<p><span lang=\"EN-US\"><br \/>\n1.10.2018<\/p>\n<p>Contact et Conditions G\u00e9n\u00e9rales::<\/p>\n<p><u><\/u><u><\/u><\/span><\/p>\n<p><a href=\"https:\/\/creafuse.com\/kontakt\/\" target=\"_blank\" rel=\"noopener\" data-saferedirecturl=\"https:\/\/www.google.com\/url?q=https:\/\/creafuse.com\/kontakt\/&amp;source=gmail&amp;ust=1539346453441000&amp;usg=AFQjCNG5M2NbnytvCchmpuMi1kKILKeIkw\"><span lang=\"EN-US\">https:\/\/creafuse.com\/kontakt\/<\/span><\/a><u><\/u><u><\/u><\/p>\n<p><a href=\"https:\/\/creafuse.com\/agb\/\" target=\"_blank\" rel=\"noopener\" data-saferedirecturl=\"https:\/\/www.google.com\/url?q=https:\/\/creafuse.com\/agb\/&amp;source=gmail&amp;ust=1539346453441000&amp;usg=AFQjCNEJK8ks0_ldMVc_THytM5NvJcioPw\"><span lang=\"EN-US\">https:\/\/creafuse.com\/agb\/<\/span><\/a><\/p>\n","protected":false},"excerpt":{"rendered":"<p>Informationen zur Benutzung von Mehrwertdiensten Wollen Sie diese Information nicht mehr anzeigen? Bitte senden Sie den Text VERZICHT an die entsprechende Kuzwahlnummer. Wo finde ich die Kurzwahlnummer? Die Kurzwahlnummer finden Sie im Absender Ihrer SMS oder auf der Internet-Seite des von Ihnen benutzten Dienstes unter AGBs. Wie melde ich mich ab? Wenn Sie sich von [&hellip;]<\/p>\n","protected":false},"author":1,"featured_media":0,"parent":0,"menu_order":0,"comment_status":"closed","ping_status":"closed","template":"","meta":{"footnotes":""},"class_list":["post-9","page","type-page","status-publish","hentry"],"_links":{"self":[{"href":"https:\/\/creafuse.com\/cagbch\/wp-json\/wp\/v2\/pages\/9","targetHints":{"allow":["GET"]}}],"collection":[{"href":"https:\/\/creafuse.com\/cagbch\/wp-json\/wp\/v2\/pages"}],"about":[{"href":"https:\/\/creafuse.com\/cagbch\/wp-json\/wp\/v2\/types\/page"}],"author":[{"embeddable":true,"href":"https:\/\/creafuse.com\/cagbch\/wp-json\/wp\/v2\/users\/1"}],"replies":[{"embeddable":true,"href":"https:\/\/creafuse.com\/cagbch\/wp-json\/wp\/v2\/comments?post=9"}],"version-history":[{"count":0,"href":"https:\/\/creafuse.com\/cagbch\/wp-json\/wp\/v2\/pages\/9\/revisions"}],"wp:attachment":[{"href":"https:\/\/creafuse.com\/cagbch\/wp-json\/wp\/v2\/media?parent=9"}],"curies":[{"name":"wp","href":"https:\/\/api.w.org\/{rel}","templated":true}]}}